{"id":719,"date":"2013-02-22T12:17:52","date_gmt":"2013-02-22T12:17:52","guid":{"rendered":"http:\/\/www.cgsconstrucao.com.br\/?page_id=719"},"modified":"2025-09-12T14:02:39","modified_gmt":"2025-09-12T17:02:39","slug":"pedreira","status":"publish","type":"page","link":"https:\/\/www.cgsconstrucao.com.br\/index.php\/pedreira\/","title":{"rendered":"Pedreira"},"content":{"rendered":"\t\t<div data-elementor-type=\"wp-page\" data-elementor-id=\"719\" class=\"elementor elementor-719\" data-elementor-settings=\"[]\">\n\t\t\t\t\t\t<div class=\"elementor-inner\">\n\t\t\t\t\t\t\t<div class=\"elementor-section-wrap\">\n\t\t\t\t\t\t\t<section class=\"elementor-section elementor-top-section elementor-element elementor-element-4232a1 elementor-section-content-bottom elementor-section-full_width elementor-section-stretched elementor-section-height-default elementor-section-height-default\" data-id=\"4232a1\" data-element_type=\"section\" data-settings=\"{&quot;background_background&quot;:&quot;classic&quot;,&quot;stretch_section&quot;:&quot;section-stretched&quot;,&quot;shape_divider_bottom&quot;:&quot;triangle-asymmetrical&quot;}\">\n\t\t\t\t\t\t\t<div class=\"elementor-background-overlay\"><\/div>\n\t\t\t\t\t\t<div class=\"elementor-shape elementor-shape-bottom\" data-negative=\"false\">\n\t\t\t<svg xmlns=\"http:\/\/www.w3.org\/2000\/svg\" viewBox=\"0 0 1000 100\" preserveAspectRatio=\"none\">\n\t<path class=\"elementor-shape-fill\" d=\"M738,99l262-93V0H0v5.6L738,99z\"\/>\n<\/svg>\t\t<\/div>\n\t\t\t\t\t<div class=\"elementor-container elementor-column-gap-no\">\n\t\t\t\t\t\t\t<div class=\"elementor-row\">\n\t\t\t\t\t<div class=\"elementor-column elementor-col-100 elementor-top-column elementor-element elementor-element-43c7aa1a\" data-id=\"43c7aa1a\" data-element_type=\"column\">\n\t\t\t<div class=\"elementor-column-wrap elementor-element-populated\">\n\t\t\t\t\t\t\t<div class=\"elementor-widget-wrap\">\n\t\t\t\t\t\t<div class=\"elementor-element elementor-element-a3dcdcb elementor-widget elementor-widget-html\" data-id=\"a3dcdcb\" data-element_type=\"widget\" data-widget_type=\"html.default\">\n\t\t\t\t<div class=\"elementor-widget-container\">\n\t\t\t<!-- SE\u00c7\u00c3O PEDREIRA - CGS -->\r\n<div class=\"cgs-section-title\">\r\n  <div class=\"cgs-ribbon\">\r\n    <span class=\"cgs-icon\" aria-hidden=\"true\">\r\n      <!-- \u00cdcone SVG (montanha \/ minera\u00e7\u00e3o) -->\r\n      <svg viewBox=\"0 0 24 24\" width=\"22\" height=\"22\" fill=\"none\" stroke=\"currentColor\" stroke-width=\"1.8\" stroke-linecap=\"round\" stroke-linejoin=\"round\">\r\n        <path d=\"M3 19h18l-6-10-4 6-2-3-6 7z\"><\/path>\r\n        <path d=\"M14 9l-2-3-2 3\"><\/path>\r\n      <\/svg>\r\n    <\/span>\r\n    <h2>Pedreira<\/h2>\r\n  <\/div>\r\n\r\n  <p class=\"cgs-subtitle\">\r\n    A <strong>Pedreira Raduan<\/strong>, empresa do <strong>Grupo CGS<\/strong>, est\u00e1 instalada na zona rural de <strong>Regin\u00f3polis<\/strong>, na regi\u00e3o de <strong>Bauru<\/strong>.<br>\r\n    <\/p>\r\n<\/div>\r\n\t\t<\/div>\n\t\t\t\t<\/div>\n\t\t\t\t\t\t<\/div>\n\t\t\t\t\t<\/div>\n\t\t<\/div>\n\t\t\t\t\t\t\t\t<\/div>\n\t\t\t\t\t<\/div>\n\t\t<\/section>\n\t\t\t\t<section class=\"elementor-section elementor-top-section elementor-element elementor-element-7f8b040d elementor-reverse-mobile elementor-section-stretched elementor-section-boxed elementor-section-height-default elementor-section-height-default\" data-id=\"7f8b040d\" data-element_type=\"section\" data-settings=\"{&quot;background_background&quot;:&quot;classic&quot;,&quot;stretch_section&quot;:&quot;section-stretched&quot;}\">\n\t\t\t\t\t\t\t<div class=\"elementor-background-overlay\"><\/div>\n\t\t\t\t\t\t\t<div class=\"elementor-container elementor-column-gap-no\">\n\t\t\t\t\t\t\t<div class=\"elementor-row\">\n\t\t\t\t\t<div class=\"elementor-column elementor-col-100 elementor-top-column elementor-element elementor-element-7f94474e\" data-id=\"7f94474e\" data-element_type=\"column\" data-settings=\"{&quot;background_background&quot;:&quot;classic&quot;}\">\n\t\t\t<div class=\"elementor-column-wrap elementor-element-populated\">\n\t\t\t\t\t\t\t<div class=\"elementor-widget-wrap\">\n\t\t\t\t\t\t<div class=\"elementor-element elementor-element-73e0dc01 elementor-widget elementor-widget-spacer\" data-id=\"73e0dc01\" data-element_type=\"widget\" data-widget_type=\"spacer.default\">\n\t\t\t\t<div class=\"elementor-widget-container\">\n\t\t\t\t\t<div class=\"elementor-spacer\">\n\t\t\t<div class=\"elementor-spacer-inner\"><\/div>\n\t\t<\/div>\n\t\t\t\t<\/div>\n\t\t\t\t<\/div>\n\t\t\t\t\t\t<\/div>\n\t\t\t\t\t<\/div>\n\t\t<\/div>\n\t\t\t\t\t\t\t\t<\/div>\n\t\t\t\t\t<\/div>\n\t\t<\/section>\n\t\t\t\t<section class=\"elementor-section elementor-top-section elementor-element elementor-element-39dda7b8 elementor-reverse-mobile elementor-section-stretched elementor-section-boxed elementor-section-height-default elementor-section-height-default\" data-id=\"39dda7b8\" data-element_type=\"section\" data-settings=\"{&quot;background_background&quot;:&quot;classic&quot;,&quot;stretch_section&quot;:&quot;section-stretched&quot;}\">\n\t\t\t\t\t\t\t<div class=\"elementor-background-overlay\"><\/div>\n\t\t\t\t\t\t\t<div class=\"elementor-container elementor-column-gap-no\">\n\t\t\t\t\t\t\t<div class=\"elementor-row\">\n\t\t\t\t\t<div class=\"elementor-column elementor-col-100 elementor-top-column elementor-element elementor-element-3569d82a\" data-id=\"3569d82a\" data-element_type=\"column\" data-settings=\"{&quot;background_background&quot;:&quot;classic&quot;}\">\n\t\t\t<div class=\"elementor-column-wrap elementor-element-populated\">\n\t\t\t\t\t\t\t<div class=\"elementor-widget-wrap\">\n\t\t\t\t\t\t<div class=\"elementor-element elementor-element-cbbcc71 elementor-widget elementor-widget-html\" data-id=\"cbbcc71\" data-element_type=\"widget\" data-widget_type=\"html.default\">\n\t\t\t\t<div class=\"elementor-widget-container\">\n\t\t\t<section class=\"produtos-cgs\">\r\n  <h2>Produtos<\/h2>\r\n\r\n  <div class=\"grid-produtos\">\r\n    <article class=\"card-produto\">\r\n      <div class=\"icone\">\r\n        <img decoding=\"async\" src=\"https:\/\/img.icons8.com\/ios-filled\/50\/ffffff\/rock.png\" alt=\"Pedra\">\r\n      <\/div>\r\n      <div class=\"info\">\r\n        <h3>Rach\u00e3o<\/h3>\r\n      <\/div>\r\n    <\/article>\r\n\r\n    <article class=\"card-produto\">\r\n      <div class=\"icone\">\r\n        <img decoding=\"async\" src=\"https:\/\/img.icons8.com\/ios-filled\/50\/ffffff\/rock.png\" alt=\"Pedra\">\r\n      <\/div>\r\n      <div class=\"info\">\r\n        <h3>Brita 3<\/h3>\r\n      <\/div>\r\n    <\/article>\r\n\r\n    <article class=\"card-produto\">\r\n      <div class=\"icone\">\r\n        <img decoding=\"async\" src=\"https:\/\/img.icons8.com\/ios-filled\/50\/ffffff\/rock.png\" alt=\"Pedra\">\r\n      <\/div>\r\n      <div class=\"info\">\r\n        <h3>Bica Corrida<\/h3>\r\n      <\/div>\r\n    <\/article>\r\n\r\n    <article class=\"card-produto\">\r\n      <div class=\"icone\">\r\n        <img decoding=\"async\" src=\"https:\/\/img.icons8.com\/ios-filled\/50\/ffffff\/rock.png\" alt=\"Pedra\">\r\n      <\/div>\r\n      <div class=\"info\">\r\n        <h3>Brita 1 - Lamelar<\/h3>\r\n        <\/div>\r\n    <\/article>\r\n\r\n    <article class=\"card-produto\">\r\n      <div class=\"icone\">\r\n        <img decoding=\"async\" src=\"https:\/\/img.icons8.com\/ios-filled\/50\/ffffff\/rock.png\" alt=\"Pedra\">\r\n      <\/div>\r\n      <div class=\"info\">\r\n        <h3>Brita 1 VSI<\/h3>\r\n        <\/div>\r\n    <\/article>\r\n\r\n    <article class=\"card-produto\">\r\n      <div class=\"icone\">\r\n        <img decoding=\"async\" src=\"https:\/\/img.icons8.com\/ios-filled\/50\/ffffff\/rock.png\" alt=\"Pedra\">\r\n      <\/div>\r\n      <div class=\"info\">\r\n        <h3>Pedrisco Lamelar<\/h3>\r\n      <\/div>\r\n    <\/article>\r\n\r\n <article class=\"card-produto\">\r\n      <div class=\"icone\">\r\n        <img decoding=\"async\" src=\"https:\/\/img.icons8.com\/ios-filled\/50\/ffffff\/rock.png\" alt=\"Pedra\">\r\n      <\/div>\r\n      <div class=\"info\">\r\n        <h3>P\u00f3 VSI<\/h3>\r\n      <\/div>\r\n    <\/article>\r\n\r\n<article class=\"card-produto\">\r\n      <div class=\"icone\">\r\n        <img decoding=\"async\" src=\"https:\/\/img.icons8.com\/ios-filled\/50\/ffffff\/rock.png\" alt=\"Pedra\">\r\n      <\/div>\r\n      <div class=\"info\">\r\n        <h3>Pedrisco VSI<\/h3>\r\n      <\/div>\r\n    <\/article>\r\n    \r\n<article class=\"card-produto\">\r\n      <div class=\"icone\">\r\n        <img decoding=\"async\" src=\"https:\/\/img.icons8.com\/ios-filled\/50\/ffffff\/rock.png\" alt=\"Pedra\">\r\n      <\/div>\r\n      <div class=\"info\">\r\n        <h3>BGS<\/h3>\r\n      <\/div>\r\n    <\/article>\r\n    <article class=\"card-produto\">\r\n      <div class=\"icone\">\r\n        <img decoding=\"async\" src=\"https:\/\/img.icons8.com\/ios-filled\/50\/ffffff\/rock.png\" alt=\"Pedra\">\r\n      <\/div>\r\n      <div class=\"info\">\r\n        <h3>P\u00f3 Lamelar<\/h3>\r\n      <\/div>\r\n    <\/article>\r\n  <\/div>\r\n<\/section>\r\n\t\t<\/div>\n\t\t\t\t<\/div>\n\t\t\t\t\t\t<\/div>\n\t\t\t\t\t<\/div>\n\t\t<\/div>\n\t\t\t\t\t\t\t\t<\/div>\n\t\t\t\t\t<\/div>\n\t\t<\/section>\n\t\t\t\t<section class=\"elementor-section elementor-top-section elementor-element elementor-element-2048cc0f elementor-section-stretched elementor-section-boxed elementor-section-height-default elementor-section-height-default\" data-id=\"2048cc0f\" data-element_type=\"section\" data-settings=\"{&quot;stretch_section&quot;:&quot;section-stretched&quot;,&quot;background_background&quot;:&quot;classic&quot;}\">\n\t\t\t\t\t\t\t<div class=\"elementor-background-overlay\"><\/div>\n\t\t\t\t\t\t\t<div class=\"elementor-container elementor-column-gap-default\">\n\t\t\t\t\t\t\t<div class=\"elementor-row\">\n\t\t\t\t\t<div class=\"elementor-column elementor-col-33 elementor-top-column elementor-element elementor-element-078cfc9 elementor-hidden-phone\" data-id=\"078cfc9\" data-element_type=\"column\">\n\t\t\t<div class=\"elementor-column-wrap\">\n\t\t\t\t\t\t\t<div class=\"elementor-widget-wrap\">\n\t\t\t\t\t\t\t\t<\/div>\n\t\t\t\t\t<\/div>\n\t\t<\/div>\n\t\t\t\t<div class=\"elementor-column elementor-col-33 elementor-top-column elementor-element elementor-element-37cec7ee\" data-id=\"37cec7ee\" data-element_type=\"column\">\n\t\t\t<div class=\"elementor-column-wrap elementor-element-populated\">\n\t\t\t\t\t\t\t<div class=\"elementor-widget-wrap\">\n\t\t\t\t\t\t<div class=\"elementor-element elementor-element-55c4da65 elementor-widget-divider--view-line elementor-widget elementor-widget-divider\" data-id=\"55c4da65\" data-element_type=\"widget\" data-widget_type=\"divider.default\">\n\t\t\t\t<div class=\"elementor-widget-container\">\n\t\t\t\t\t<div class=\"elementor-divider\">\n\t\t\t<span class=\"elementor-divider-separator\">\n\t\t\t\t\t\t<\/span>\n\t\t<\/div>\n\t\t\t\t<\/div>\n\t\t\t\t<\/div>\n\t\t\t\t<div class=\"elementor-element elementor-element-f20fb39 elementor-aspect-ratio-169 elementor-widget elementor-widget-video\" data-id=\"f20fb39\" data-element_type=\"widget\" data-settings=\"{&quot;youtube_url&quot;:&quot;https:\\\/\\\/youtu.be\\\/aavwhz_PiFE&quot;,&quot;video_type&quot;:&quot;youtube&quot;,&quot;controls&quot;:&quot;yes&quot;,&quot;aspect_ratio&quot;:&quot;169&quot;}\" data-widget_type=\"video.default\">\n\t\t\t\t<div class=\"elementor-widget-container\">\n\t\t\t\t\t<div class=\"elementor-wrapper elementor-fit-aspect-ratio elementor-open-inline\">\n\t\t\t<div class=\"elementor-video\"><\/div>\t\t<\/div>\n\t\t\t\t<\/div>\n\t\t\t\t<\/div>\n\t\t\t\t\t\t<\/div>\n\t\t\t\t\t<\/div>\n\t\t<\/div>\n\t\t\t\t<div class=\"elementor-column elementor-col-33 elementor-top-column elementor-element elementor-element-f509fd7 elementor-hidden-phone\" data-id=\"f509fd7\" data-element_type=\"column\">\n\t\t\t<div class=\"elementor-column-wrap elementor-element-populated\">\n\t\t\t\t\t\t\t<div class=\"elementor-widget-wrap\">\n\t\t\t\t\t\t<div class=\"elementor-element elementor-element-e1c9387 elementor-widget elementor-widget-html\" data-id=\"e1c9387\" data-element_type=\"widget\" data-widget_type=\"html.default\">\n\t\t\t\t<div class=\"elementor-widget-container\">\n\t\t\t<a href=\"https:\/\/wa.me\/554981658585?text=Ol\u00e1!%20Gostaria%20de%20solicitar%20um%20or\u00e7amento.\" \r\n   class=\"cgz-whats\" \r\n   aria-label=\"Solicite um or\u00e7amento no WhatsApp\" \r\n   target=\"_blank\" \r\n   rel=\"noopener noreferrer\">\r\n  <svg viewBox=\"0 0 32 32\" width=\"28\" height=\"28\" fill=\"#fff\" aria-hidden=\"true\">\r\n    <path d=\"M19.11 17.21c-.31-.16-1.82-.9-2.1-1-.28-.1-.48-.16-.69.16-.2.31-.79 1-.97 1.2-.18.2-.36.22-.67.06-.31-.16-1.31-.48-2.5-1.53-.92-.82-1.54-1.84-1.72-2.15-.18-.31-.02-.48.14-.64.14-.14.31-.36.47-.54.16-.18.2-.31.31-.52.1-.2.05-.39-.03-.54-.08-.16-.69-1.66-.94-2.28-.25-.6-.5-.52-.69-.53h-.59c-.2 0-.52.08-.79.39-.27.31-1.04 1.02-1.04 2.48s1.07 2.88 1.22 3.07c.16.2 2.12 3.25 5.14 4.56.72.31 1.28.5 1.72.64.72.23 1.38.2 1.9.12.58-.09 1.82-.74 2.08-1.45.26-.72.26-1.34.18-1.47-.06-.12-.28-.2-.59-.36zM16.02 3C8.84 3 3 8.82 3 15.98c0 2.3.61 4.46 1.67 6.32L3 29l6.88-1.8c1.82.99 3.91 1.56 6.14 1.56 7.18 0 12.98-5.82 12.98-12.98C29 8.82 23.2 3 16.02 3zm0 23.57c-2.15 0-4.14-.63-5.82-1.7l-.42-.27-4.08 1.07 1.09-3.98-.28-.41A10.37 10.37 0 0 1 5.6 15.98c0-5.73 4.68-10.4 10.42-10.4 5.73 0 10.4 4.67 10.4 10.4 0 5.73-4.67 10.39-10.4 10.39z\"\/>\r\n  <\/svg>\r\n  <span>Solicite um or\u00e7amento<\/span>\r\n<\/a>\r\n\r\n<style>\r\n.cgz-whats{\r\n  position:fixed; bottom:24px; right:24px; z-index:99999;\r\n  display:flex; align-items:center; gap:10px;\r\n  padding:12px 18px;\r\n  border-radius:50px;\r\n  background:#25D366; color:#fff;\r\n  font-size:16px; font-weight:600;\r\n  box-shadow:0 10px 24px rgba(0,0,0,.25);\r\n  text-decoration:none;\r\n  transition:all 0.3s ease;\r\n}\r\n.cgz-whats:hover{\r\n  background:#20b954;\r\n  transform:translateY(-2px);\r\n  box-shadow:0 14px 28px rgba(0,0,0,.3);\r\n}\r\n.cgz-whats svg{ flex-shrink:0; }\r\n\r\n\/* Mobile: deixa mais compacto *\/\r\n@media(max-width:767px){\r\n  .cgz-whats span{ display:none; } \/* esconde o texto, s\u00f3 \u00edcone *\/\r\n  .cgz-whats{ width:56px; height:56px; justify-content:center; padding:0; }\r\n}\r\n<\/style>\r\n\t\t<\/div>\n\t\t\t\t<\/div>\n\t\t\t\t<div class=\"elementor-element elementor-element-9239b24 elementor-widget elementor-widget-shortcode\" data-id=\"9239b24\" data-element_type=\"widget\" data-widget_type=\"shortcode.default\">\n\t\t\t\t<div class=\"elementor-widget-container\">\n\t\t\t\t\t<div class=\"elementor-shortcode\"><\/div>\n\t\t\t\t<\/div>\n\t\t\t\t<\/div>\n\t\t\t\t\t\t<\/div>\n\t\t\t\t\t<\/div>\n\t\t<\/div>\n\t\t\t\t\t\t\t\t<\/div>\n\t\t\t\t\t<\/div>\n\t\t<\/section>\n\t\t\t\t<section class=\"elementor-section elementor-top-section elementor-element elementor-element-1441f285 elementor-section-stretched elementor-section-boxed elementor-section-height-default elementor-section-height-default\" data-id=\"1441f285\" data-element_type=\"section\" data-settings=\"{&quot;stretch_section&quot;:&quot;section-stretched&quot;,&quot;background_background&quot;:&quot;classic&quot;}\">\n\t\t\t\t\t\t<div class=\"elementor-container elementor-column-gap-default\">\n\t\t\t\t\t\t\t<div class=\"elementor-row\">\n\t\t\t\t\t<div class=\"elementor-column elementor-col-100 elementor-top-column elementor-element elementor-element-d31f71c\" data-id=\"d31f71c\" data-element_type=\"column\">\n\t\t\t<div class=\"elementor-column-wrap elementor-element-populated\">\n\t\t\t\t\t\t\t<div class=\"elementor-widget-wrap\">\n\t\t\t\t\t\t<div class=\"elementor-element elementor-element-4142481 elementor-widget elementor-widget-html\" data-id=\"4142481\" data-element_type=\"widget\" data-widget_type=\"html.default\">\n\t\t\t\t<div class=\"elementor-widget-container\">\n\t\t\t<p style=\"font-size:22px; line-height:1.5; text-align:center; color:#333;\">\r\n  Produzindo <strong>milhares de toneladas por m\u00eas<\/strong>, oferecemos \r\n  <strong>britas e agregados<\/strong> que s\u00e3o sin\u00f4nimo de \r\n  <strong>resist\u00eancia<\/strong> e <strong>durabilidade<\/strong>, \r\n  prontos para os maiores desafios da <strong>constru\u00e7\u00e3o civil<\/strong>.\r\n<\/p>\r\n\t\t<\/div>\n\t\t\t\t<\/div>\n\t\t\t\t\t\t<\/div>\n\t\t\t\t\t<\/div>\n\t\t<\/div>\n\t\t\t\t\t\t\t\t<\/div>\n\t\t\t\t\t<\/div>\n\t\t<\/section>\n\t\t\t\t<section class=\"elementor-section elementor-top-section elementor-element elementor-element-7280f0e elementor-section-boxed elementor-section-height-default elementor-section-height-default\" data-id=\"7280f0e\" data-element_type=\"section\">\n\t\t\t\t\t\t<div class=\"elementor-container elementor-column-gap-default\">\n\t\t\t\t\t\t\t<div class=\"elementor-row\">\n\t\t\t\t\t<div class=\"elementor-column elementor-col-100 elementor-top-column elementor-element elementor-element-1f88c0a\" data-id=\"1f88c0a\" data-element_type=\"column\">\n\t\t\t<div class=\"elementor-column-wrap elementor-element-populated\">\n\t\t\t\t\t\t\t<div class=\"elementor-widget-wrap\">\n\t\t\t\t\t\t<div class=\"elementor-element elementor-element-719d963 elementor-widget elementor-widget-html\" data-id=\"719d963\" data-element_type=\"widget\" data-widget_type=\"html.default\">\n\t\t\t\t<div class=\"elementor-widget-container\">\n\t\t\t<a href=\"https:\/\/wa.me\/5514981658585?text=Ol%C3%A1!%20Gostaria%20de%20solicitar%20um%20or%C3%A7amento.\"\r\n   class=\"wa-fab\"\r\n   target=\"_blank\"\r\n   rel=\"noopener noreferrer\">\r\n  <svg viewBox=\"0 0 32 32\" width=\"26\" height=\"26\" fill=\"#fff\">\r\n    <path d=\"M19.11 17.21c-.31-.16-1.82-.9-2.1-1-.28-.1-.48-.16-.69.16-.2.31-.79 1-.97 1.2-.18.2-.36.22-.67.06-.31-.16-1.31-.48-2.5-1.53-.92-.82-1.54-1.84-1.72-2.15-.18-.31-.02-.48.14-.64.14-.14.31-.36.47-.54.16-.18.2-.31.31-.52.1-.2.05-.39-.03-.54-.08-.16-.69-1.66-.94-2.28-.25-.6-.5-.52-.69-.53h-.59c-.2 0-.52.08-.79.39-.27.31-1.04 1.02-1.04 2.48s1.07 2.88 1.22 3.07c.16.2 2.12 3.25 5.14 4.56.72.31 1.28.5 1.72.64.72.23 1.38.2 1.9.12.58-.09 1.82-.74 2.08-1.45.26-.72.26-1.34.18-1.47-.06-.12-.28-.2-.59-.36zM16.02 3C8.84 3 3 8.82 3 15.98c0 2.3.61 4.46 1.67 6.32L3 29l6.88-1.8c1.82.99 3.91 1.56 6.14 1.56 7.18 0 12.98-5.82 12.98-12.98C29 8.82 23.2 3 16.02 3zm0 23.57c-2.15 0-4.14-.63-5.82-1.7l-.42-.27-4.08 1.07 1.09-3.98-.28-.41A10.37 10.37 0 0 1 5.6 15.98c0-5.73 4.68-10.4 10.42-10.4 5.73 0 10.4 4.67 10.4 10.4 0 5.73-4.67 10.39-10.4 10.39z\"\/>\r\n  <\/svg>\r\n  <span>Solicite um or\u00e7amento<\/span>\r\n<\/a>\r\n\t\t<\/div>\n\t\t\t\t<\/div>\n\t\t\t\t\t\t<\/div>\n\t\t\t\t\t<\/div>\n\t\t<\/div>\n\t\t\t\t\t\t\t\t<\/div>\n\t\t\t\t\t<\/div>\n\t\t<\/section>\n\t\t\t\t\t\t<\/div>\n\t\t\t\t\t\t<\/div>\n\t\t\t\t\t<\/div>\n\t\t","protected":false},"excerpt":{"rendered":"<p>Pedreira A Pedreira Raduan, empresa do Grupo CGS, est\u00e1 instalada na zona rural de Regin\u00f3polis, na regi\u00e3o de Bauru. Produtos Rach\u00e3o Brita 3 Bica Corrida Brita 1 &#8211; Lamelar Brita 1 VSI Pedrisco Lamelar P\u00f3 VSI Pedrisco VSI BGS P\u00f3 Lamelar Solicite um or\u00e7amento Produzindo milhares de toneladas por m\u00eas, oferecemos britas e agregados que [&hellip;]<\/p>\n","protected":false},"author":8,"featured_media":1786,"parent":0,"menu_order":0,"comment_status":"open","ping_status":"closed","template":"","meta":[],"_links":{"self":[{"href":"https:\/\/www.cgsconstrucao.com.br\/index.php\/wp-json\/wp\/v2\/pages\/719"}],"collection":[{"href":"https:\/\/www.cgsconstrucao.com.br\/index.php\/wp-json\/wp\/v2\/pages"}],"about":[{"href":"https:\/\/www.cgsconstrucao.com.br\/index.php\/wp-json\/wp\/v2\/types\/page"}],"author":[{"embeddable":true,"href":"https:\/\/www.cgsconstrucao.com.br\/index.php\/wp-json\/wp\/v2\/users\/8"}],"replies":[{"embeddable":true,"href":"https:\/\/www.cgsconstrucao.com.br\/index.php\/wp-json\/wp\/v2\/comments?post=719"}],"version-history":[{"count":158,"href":"https:\/\/www.cgsconstrucao.com.br\/index.php\/wp-json\/wp\/v2\/pages\/719\/revisions"}],"predecessor-version":[{"id":2925,"href":"https:\/\/www.cgsconstrucao.com.br\/index.php\/wp-json\/wp\/v2\/pages\/719\/revisions\/2925"}],"wp:featuredmedia":[{"embeddable":true,"href":"https:\/\/www.cgsconstrucao.com.br\/index.php\/wp-json\/wp\/v2\/media\/1786"}],"wp:attachment":[{"href":"https:\/\/www.cgsconstrucao.com.br\/index.php\/wp-json\/wp\/v2\/media?parent=719"}],"curies":[{"name":"wp","href":"https:\/\/api.w.org\/{rel}","templated":true}]}}