{"id":2122,"date":"2020-11-13T17:55:56","date_gmt":"2020-11-13T20:55:56","guid":{"rendered":"https:\/\/www.cgsconstrucao.com.br\/?page_id=2122"},"modified":"2020-11-19T22:42:58","modified_gmt":"2020-11-20T01:42:58","slug":"blog","status":"publish","type":"page","link":"https:\/\/www.cgsconstrucao.com.br\/index.php\/blog\/","title":{"rendered":"Blog"},"content":{"rendered":"<div id=\"wpmem_restricted_msg\"><p>Este conte\u00fado \u00e9 restrito a membros do site. Se voc\u00ea \u00e9 um usu\u00e1rio registrado, por favor fa\u00e7a o login. Novos usu\u00e1rios podem registrar-se abaixo.<\/p><\/div><div id=\"wpmem_login\"><a id=\"login\"><\/a><form action=\"https:\/\/www.cgsconstrucao.com.br\/index.php\/a-simple-post-with-text\/\" method=\"POST\" id=\"wpmem_login_form\" class=\"form\"><input type=\"hidden\" id=\"_wpmem_login_nonce\" name=\"_wpmem_login_nonce\" value=\"307107255e\" \/><input type=\"hidden\" name=\"_wp_http_referer\" value=\"\/index.php\/wp-json\/wp\/v2\/pages\/2122\" \/><fieldset><legend>Login de Usu\u00e1rios<\/legend><label for=\"log\">Username or Email<\/label><div class=\"div_text\"><input name=\"log\" type=\"text\" id=\"log\" value=\"\" class=\"username\" required  \/><\/div><label for=\"pwd\">Senha<\/label><div class=\"div_text\"><input name=\"pwd\" type=\"password\" id=\"pwd\" class=\"password\" required  \/><\/div><input name=\"a\" type=\"hidden\" value=\"login\" \/><input name=\"redirect_to\" type=\"hidden\" value=\"https:\/\/www.cgsconstrucao.com.br\/index.php\/a-simple-post-with-text\/\" \/><div class=\"button_div\"><input name=\"rememberme\" type=\"checkbox\" id=\"rememberme\" value=\"forever\" \/>&nbsp;<label for=\"rememberme\">Lembrar-me<\/label>&nbsp;&nbsp;<input type=\"submit\" name=\"Submit\" value=\"Login\" class=\"buttons\" \/><\/div><\/fieldset><\/form><\/div>","protected":false},"excerpt":{"rendered":"<p>Este conte\u00fado \u00e9 restrito a membros do site. Se voc\u00ea \u00e9 um usu\u00e1rio registrado, por favor fa\u00e7a o login. Novos usu\u00e1rios podem registrar-se abaixo.Login de Usu\u00e1riosUsername or EmailSenha&nbsp;Lembrar-me&nbsp;&nbsp;<\/p>\n","protected":false},"author":7,"featured_media":0,"parent":0,"menu_order":0,"comment_status":"closed","ping_status":"closed","template":"","meta":[],"_links":{"self":[{"href":"https:\/\/www.cgsconstrucao.com.br\/index.php\/wp-json\/wp\/v2\/pages\/2122"}],"collection":[{"href":"https:\/\/www.cgsconstrucao.com.br\/index.php\/wp-json\/wp\/v2\/pages"}],"about":[{"href":"https:\/\/www.cgsconstrucao.com.br\/index.php\/wp-json\/wp\/v2\/types\/page"}],"author":[{"embeddable":true,"href":"https:\/\/www.cgsconstrucao.com.br\/index.php\/wp-json\/wp\/v2\/users\/7"}],"replies":[{"embeddable":true,"href":"https:\/\/www.cgsconstrucao.com.br\/index.php\/wp-json\/wp\/v2\/comments?post=2122"}],"version-history":[{"count":10,"href":"https:\/\/www.cgsconstrucao.com.br\/index.php\/wp-json\/wp\/v2\/pages\/2122\/revisions"}],"predecessor-version":[{"id":2273,"href":"https:\/\/www.cgsconstrucao.com.br\/index.php\/wp-json\/wp\/v2\/pages\/2122\/revisions\/2273"}],"wp:attachment":[{"href":"https:\/\/www.cgsconstrucao.com.br\/index.php\/wp-json\/wp\/v2\/media?parent=2122"}],"curies":[{"name":"wp","href":"https:\/\/api.w.org\/{rel}","templated":true}]}}